ivided by 113.
106
What is the remainder when 47 is divided by 5?
2
What is the remainder when 154 is divided by 12?
10
Calculate the remainder when 192 is divided by 65.
62
What is the remainder when 176 is divided by 50?
26
What is the remainder when 20 is divided by 6?
2
Calculate the remainder when 108 is divided by 82.
26
Calculate the remainder when 19 is divided by 12.
7
What is the remainder when 257 is divided by 64?
1
Calculate the remainder when 248 is divided by 42.
38
What is the remainder when 249 is divided by 52?
41
Calculate the remainder when 49 is divided by 23.
3
Calculate the remainder when 1841 is divided by 71.
66
What is the remainder when 800 is divided by 91?
72
What is the remainder when 3806 is divided by 34?
32
What is the remainder when 177 is divided by 44?
1
Calculate the remainder when 130 is divided by 61.
8
Calculate the remainder when 24 is divided by 24.
0
What is the remainder when 520 is divided by 22?
14
What is the remainder when 337 is divided by 172?
165
Calculate the remainder when 629 is divided by 90.
89
What is the remainder when 268 is divided by 23?
15
Calculate the remainder when 144 is divided by 8.
0
Calculate the remainder when 1203 is divided by 93.
87
Calculate the remainder when 988 is divided by 244.
12
What is the remainder when 124 is divided by 48?
28
What is the remainder when 4175 is divided by 182?
171
Calculate the remainder when 387 is divided by 135.
117
Calculate the remainder when 13037 is divided by 4343.
8
Calculate the remainder when 272 is divided by 24.
8
Calculate the remainder when 2714 is divided by 541.
9
Calculate the remainder when 106 is divided by 27.
25
What is the remainder when 146 is divided by 19?
13
Calculate the remainder when 526 is divided by 33.
31
What is the remainder when 146 is divided by 58?
30
What is the remainder when 277 is divided by 270?
7
What is the remainder when 89 is divided by 52?
37
What is the remainder when 36 is divided by 9?
0
Calculate the remainder when 7044 is divided by 1760.
4
What is the remainder when 1169 is divided by 229?
24
What is the remainder when 1431 is divided by 7?
3
What is the remainder when 79 is divided by 2?
1
Calculate the remainder when 622 is divided by 12.
10
What is the remainder when 697 is divided by 42?
25
Calculate the remainder when 305 is divided by 34.
33
What is the remainder when 735 is divided by 32?
31
Calculate the remainder when 63 is divided by 33.
30
Calculate the remainder when 10870 is divided by 15.
10
Calculate the remainder when 139 is divided by 41.
16
What is the remainder when 650 is divided by 195?
65
Calculate the remainder when 1803 is divided by 44.
43
What is the remainder when 839 is divided by 21?
20
Calculate the remainder when 3902 is divided by 62.
58
What is the remainder when 192 is divided by 2?
0
What is the remainder when 176 is divided by 14?
8
What is the remainder when 547 is divided by 142?
121
What is the remainder when 604 is divided by 7?
2
Calculate the remainder when 4460 is divided by 248.
244
Calculate the remainder when 2411 is divided by 31.
24
Calculate the remainder when 2906 is divided by 41.
36
Calculate the remainder when 619 is divided by 10.
9
Calculate the remainder when 679 is divided by 232.
215
What is the remainder when 74 is divided by 64?
10
What is the remainder when 388 is divided by 67?
53
What is the remainder when 379 is divided by 96?
91
What is the remainder when 116 is divided by 35?
11
Calculate the remainder when 109 is divided by 59.
50
What is the remainder when 114 is divided by 14?
2
Calculate the remainder when 1611 is divided by 521.
48
What is the remainder when 5019 is divided by 834?
15
Calculate the remainder when 149 is divided by 23.
11
What is the remainder when 95 is divided by 37?
21
What is the remainder when 149 is divided by 9?
5
Calculate the remainder when 296 is divided by 15.
11
Calculate the remainder when 296 is divided by 1.
0
What is the remainder when 802 is divided by 107?
53
Calculate the remainder when 224 is divided by 61.
41
Calculate the remainder when 1599 is divided by 18.
15
What is the remainder when 61 is divided by 17?
10
What is the remainder when 166 is divided by 23?
5
Calculate the remainder when 3765 is divided by 752.
5
What is the remainder when 406 is divided by 137?
132
What is the remainder when 735 is divided by 9?
6
What is the remainder when 276 is divided by 218?
58
Calculate the remainder when 551 is divided by 31.
24
What is the remainder when 642 is divided by 55?
37
Calculate the remainder when 33 is divided by 17.
16
What is the remainder when 25 is divided by 20?
5
Calculate the remainder when 262 is divided by 22.
20
What is the remainder when 169 is divided by 149?
20
Calculate the remainder when 1035 is divided by 13.
8
Calculate the remainder when 5302 is divided by 204.
202
What is the remainder when 569 is divided by 72?
65
Calculate the remainder when 62 is divided by 32.
30
Calculate the remainder when 2662 is divided by 115.
17
What is the remainder when 445 is divided by 77?
60
Calculate the remainder when 85 is divided by 8.
5
Calculate the remainder when 1396 is divided by 196.
24
What is the remainder when 1698 is divided by 10?
8
What is the remainder when 694 is divided by 58?
56
What is the remainder when 50 is divided by 13?
11
What is the remainder when 872 is divided by 26?
14
What is the remainder when 1027 is divided by 103?
100
Calculate the remainder when 4949 is divided by 15.
14
Calculate the remainder when 14278 is divided by 168.
166
Calculate the remainder when 999 is divided by 8.
7
Calculate the remainder when 89 is divided by 5.
4
What is the remainder when 4055 is divided by 33?
29
Calculate the remainder when 345 is divided by 2.
1
Calculate the remainder when 2307 is divided by 66.
63
Calculate the remainder when 12 is divided by 4.
0
Calculate the remainder when 1479 is divided by 37.
36
What is the remainder when 446 is divided by 440?
6
What is the remainder when 320 is divided by 17?
14
What is the remainder when 12416 is divided by 565?
551
Calculate the remainder when 575 is divided by 73.
64
What is the remainder when 210 is divided by 27?
21
Calculate the remainder when 367 is divided by 82.
39
Calculate the remainder when 3020 is divided by 431.
3
Calculate the remainder when 43 is divided by 9.
7
Calculate the remainder when 64 is divided by 6.
4
What is the remainder when 92 is divided by 19?
16
What is the remainder when 877 is divided by 16?
13
Calculate the remainder when 88 is divided by 7.
4
What is the remainder when 3853 is divided by 47?
46
What is the remainder when 1708 is divided by 30?
28
What is the remainder when 1616 is divided by 81?
77
What is the remainder when 170 is divided by 39?
14
Calculate the remainder when 99 is divided by 3.
0
What is the remainder when 59 is divided by 42?
17
Calculate the remainder when 1083 is divided by 419.
245
What is the remainder when 997 is divided by 10?
7
What is the remainder when 5787 is divided by 446?
435
Calculate the remainder when 78 is divided by 34.
10
Calculate the remainder when 1818 is divided by 107.
106
Calculate the remainder when 3202 is divided by 146.
136
Calculate the remainder when 1023 is divided by 103.
96
Calculate the remainder when 714 is divided by 67.
44
Calculate the remainder when 313 is divided by 79.
76
What is the remainder when 15317 is divided by 37?
36
What is the remainder when 72 is divided by 13?
7
What is the remainder when 168 is divided by 19?
16
Calculate the remainder when 1333 is divided by 47.
17
What is the remainder when 1831 is divided by 13?
11
What is the remainder when 99 is divided by 94?
5
Calculate the remainder when 343 is divided by 69.
67
Calculate the remainder when 56 is divided by 32.
24
What is the remainder when 2928 is divided by 122?
0
What is the remainder when 2240 is divided by 34?
30
Calculate the remainder when 149 is divided by 19.
16
What is the remainder when 771 is divided by 23?
12
What is the remainder when 485 is divided by 235?
15
What is the remainder when 2675 is divided by 65?
10
What is the remainder when 57 is divided by 6?
3
What is the remainder when 791 is divided by 13?
11
What is the r